{"id":1404,"date":"2024-12-13T12:51:52","date_gmt":"2024-12-13T12:51:52","guid":{"rendered":"https:\/\/newpharmadental.it\/?post_type=product&#038;p=1404"},"modified":"2024-12-17T11:30:07","modified_gmt":"2024-12-17T11:30:07","slug":"total-etch-jumbo-siringa-1x30gr","status":"publish","type":"product","link":"https:\/\/newpharmadental.it\/?product=total-etch-jumbo-siringa-1x30gr","title":{"rendered":"Total Etch Jumbo Siringa 1x30gr"},"content":{"rendered":"<p>Ivoclar Total Etch \u00e8 un gel mordenzante per lo smalto e il condizionamento della dentina che si applica in otturazioni dirette in composito e in cementazioni adesive di restauri elaborati in laboratorio a base di ceramica o composito. VANTAGGI: Il classico gel mordenzante con comode propriet\u00e0 di utilizzo<br \/>\n&#8211; Viscosit\u00e0 consistente grazie alla nuova composizione del riempitivo, che consente un posizionamento rapido ed efficace.<br \/>\n&#8211; Forte contrasto di colore con il dente.<br \/>\n&#8211; L\u2019appoggio ottagonale per le dita facilita l\u2019applicazione ed evita che la siringa scivoli.<br \/>\n&#8211; Punta angolata di metallo per applicazione in zone ampie.<br \/>\n&#8211; Pistone speciale per evitare lo spreco di materiale.<br \/>\n&#8211; Sistema di chiusura Luer Lock per una sicura fissazione della punta, che garantisce una connessione perfetta con la siringa Jumbo.<br \/>\nINDICAZIONI<\/p>\n<p>Si pu\u00f2 applicare un mordenzante di smalto o la tecnica di mordenzatura totale nelle seguenti indicazioni:<\/p>\n<p>&#8211; Restauri in composito.<br \/>\n&#8211; Cementazione adesiva di inlay, corone, ponti, faccette, ponti adesivi, perni radicolari.<br \/>\n&#8211; Steccatura\/immobilizzazione con ferula.<br \/>\n&#8211; Cementazione adesiva di attacchi e gioielli dentali (p.e. Skyce)<br \/>\n&#8211; Sigillatura di fessure.<\/p>\n","protected":false},"excerpt":{"rendered":"<p>Mordenzante dello smalto dentinale privo di silice a base di acido ortofosforico al 37%, pi\u00fa visibile, pi\u00fa facile da applicare. Sviluppato per prevenire fluttuazioni di viscosit\u00e0. Contenuto:  Ivoclar Total Etch Jumbo: Siringa 30gr. + 1 siringa vuota + 10 puntali di applicazione. cod. 558530AN<\/p>\n","protected":false},"featured_media":1405,"template":"","meta":[],"product_brand":[],"product_cat":[121,33],"product_tag":[],"class_list":{"0":"post-1404","1":"product","2":"type-product","3":"status-publish","4":"has-post-thumbnail","6":"product_cat-acidi","7":"product_cat-conservativa","8":"pa_marca-ivoclar","10":"first","11":"instock","12":"sale","13":"featured","14":"taxable","15":"shipping-taxable","16":"purchasable","17":"product-type-simple"},"_links":{"self":[{"href":"https:\/\/newpharmadental.it\/index.php?rest_route=\/wp\/v2\/product\/1404","targetHints":{"allow":["GET"]}}],"collection":[{"href":"https:\/\/newpharmadental.it\/index.php?rest_route=\/wp\/v2\/product"}],"about":[{"href":"https:\/\/newpharmadental.it\/index.php?rest_route=\/wp\/v2\/types\/product"}],"wp:featuredmedia":[{"embeddable":true,"href":"https:\/\/newpharmadental.it\/index.php?rest_route=\/wp\/v2\/media\/1405"}],"wp:attachment":[{"href":"https:\/\/newpharmadental.it\/index.php?rest_route=%2Fwp%2Fv2%2Fmedia&parent=1404"}],"wp:term":[{"taxonomy":"product_brand","embeddable":true,"href":"https:\/\/newpharmadental.it\/index.php?rest_route=%2Fwp%2Fv2%2Fproduct_brand&post=1404"},{"taxonomy":"product_cat","embeddable":true,"href":"https:\/\/newpharmadental.it\/index.php?rest_route=%2Fwp%2Fv2%2Fproduct_cat&post=1404"},{"taxonomy":"product_tag","embeddable":true,"href":"https:\/\/newpharmadental.it\/index.php?rest_route=%2Fwp%2Fv2%2Fproduct_tag&post=1404"}],"curies":[{"name":"wp","href":"https:\/\/api.w.org\/{rel}","templated":true}]}}